{"id":1777,"date":"2023-11-23T12:18:25","date_gmt":"2023-11-23T12:18:25","guid":{"rendered":"https:\/\/new.palmari.org\/?page_id=1777"},"modified":"2025-10-22T20:39:28","modified_gmt":"2025-10-22T20:39:28","slug":"reserva","status":"publish","type":"page","link":"https:\/\/new.palmari.org\/esp\/reserva\/","title":{"rendered":"Reserva"},"content":{"rendered":"\t\t<div data-elementor-type=\"wp-page\" data-elementor-id=\"1777\" class=\"elementor elementor-1777\" data-elementor-post-type=\"page\">\n\t\t\t\t<div class=\"elementor-element elementor-element-50658cb e-flex e-con-boxed elementor-invisible e-con e-parent\" data-id=\"50658cb\" data-element_type=\"container\" data-settings=\"{&quot;background_background&quot;:&quot;classic&quot;,&quot;animation&quot;:&quot;fadeIn&quot;}\">\n\t\t\t\t\t<div class=\"e-con-inner\">\n\t\t\t\t<div class=\"elementor-element elementor-element-7d66b39e animated-slow elementor-invisible elementor-widget elementor-widget-heading\" data-id=\"7d66b39e\" data-element_type=\"widget\" data-settings=\"{&quot;_animation&quot;:&quot;fadeInUp&quot;,&quot;_animation_delay&quot;:500}\" data-widget_type=\"heading.default\">\n\t\t\t\t<div class=\"elementor-widget-container\">\n\t\t\t\t\t<h2 class=\"elementor-heading-title elementor-size-default\">Reserva Ahora<\/h2>\t\t\t\t<\/div>\n\t\t\t\t<\/div>\n\t\t\t\t\t<\/div>\n\t\t\t\t<\/div>\n\t\t<div class=\"elementor-element elementor-element-44107e1 e-flex e-con-boxed e-con e-parent\" data-id=\"44107e1\" data-element_type=\"container\">\n\t\t\t\t\t<div class=\"e-con-inner\">\n\t\t<div class=\"elementor-element elementor-element-48ecd07 e-flex e-con-boxed e-con e-child\" data-id=\"48ecd07\" data-element_type=\"container\" data-settings=\"{&quot;background_background&quot;:&quot;classic&quot;}\">\n\t\t\t\t\t<div class=\"e-con-inner\">\n\t\t<div class=\"elementor-element elementor-element-6124453 e-flex e-con-boxed e-con e-child\" data-id=\"6124453\" data-element_type=\"container\">\n\t\t\t\t\t<div class=\"e-con-inner\">\n\t\t<div class=\"elementor-element elementor-element-aaa8dc4 e-con-full e-flex e-con e-child\" data-id=\"aaa8dc4\" data-element_type=\"container\">\n\t\t\t\t<div class=\"elementor-element elementor-element-625604f elementor-widget elementor-widget-text-editor\" data-id=\"625604f\" data-element_type=\"widget\" data-widget_type=\"text-editor.default\">\n\t\t\t\t<div class=\"elementor-widget-container\">\n\t\t\t\t\t\t\t\t\t<p>Est\u00e1s a un paso de vivir la experiencia de la <strong>Reserva Natural Palmari<\/strong>.<br \/>Cada una de nuestras reservas se adapta cuidadosamente a las variables cambiantes y a tus preferencias, para asegurar una estad\u00eda placentera en nuestro para\u00edso amaz\u00f3nico.<\/p><p>Por favor, completa el formulario de solicitud de cotizaci\u00f3n a continuaci\u00f3n:<\/p>\t\t\t\t\t\t\t\t<\/div>\n\t\t\t\t<\/div>\n\t\t\t\t<\/div>\n\t\t<div class=\"elementor-element elementor-element-ae4db32 e-flex e-con-boxed e-con e-child\" data-id=\"ae4db32\" data-element_type=\"container\">\n\t\t\t\t\t<div class=\"e-con-inner\">\n\t\t\t\t<div class=\"elementor-element elementor-element-f21b9e6 elementor-widget elementor-widget-image\" data-id=\"f21b9e6\" data-element_type=\"widget\" data-widget_type=\"image.default\">\n\t\t\t\t<div class=\"elementor-widget-container\">\n\t\t\t\t\t\t\t\t\t\t\t\t\t\t\t<img fetchpriority=\"high\" decoding=\"async\" width=\"802\" height=\"458\" src=\"https:\/\/new.palmari.org\/esp\/wp-content\/uploads\/sites\/4\/2023\/10\/primary-logo.png\" class=\"attachment-large size-large wp-image-23\" alt=\"\" srcset=\"https:\/\/new.palmari.org\/esp\/wp-content\/uploads\/sites\/4\/2023\/10\/primary-logo.png 802w, https:\/\/new.palmari.org\/esp\/wp-content\/uploads\/sites\/4\/2023\/10\/primary-logo-300x171.png 300w, https:\/\/new.palmari.org\/esp\/wp-content\/uploads\/sites\/4\/2023\/10\/primary-logo-768x439.png 768w\" sizes=\"(max-width: 802px) 100vw, 802px\" \/>\t\t\t\t\t\t\t\t\t\t\t\t\t\t\t<\/div>\n\t\t\t\t<\/div>\n\t\t\t\t\t<\/div>\n\t\t\t\t<\/div>\n\t\t\t\t\t<\/div>\n\t\t\t\t<\/div>\n\t\t\t\t<div class=\"elementor-element elementor-element-76c04de elementor-button-align-stretch elementor-widget elementor-widget-form\" data-id=\"76c04de\" data-element_type=\"widget\" data-settings=\"{&quot;button_width&quot;:&quot;30&quot;,&quot;step_next_label&quot;:&quot;Next&quot;,&quot;step_previous_label&quot;:&quot;Previous&quot;,&quot;step_type&quot;:&quot;number_text&quot;,&quot;step_icon_shape&quot;:&quot;circle&quot;}\" data-widget_type=\"form.default\">\n\t\t\t\t<div class=\"elementor-widget-container\">\n\t\t\t\t\t\t\t<form class=\"elementor-form\" method=\"post\" name=\"New Form\">\n\t\t\t<input type=\"hidden\" name=\"post_id\" value=\"1777\"\/>\n\t\t\t<input type=\"hidden\" name=\"form_id\" value=\"76c04de\"\/>\n\t\t\t<input type=\"hidden\" name=\"referer_title\" value=\"\" \/>\n\n\t\t\t\n\t\t\t<div class=\"elementor-form-fields-wrapper elementor-labels-above\">\n\t\t\t\t\t\t\t\t<div class=\"elementor-field-type-text elementor-field-group elementor-column elementor-field-group-name elementor-col-33 elementor-field-required\">\n\t\t\t\t\t\t\t\t\t\t\t\t<label for=\"form-field-name\" class=\"elementor-field-label\">\n\t\t\t\t\t\t\t\t1. Nombre & Apellido\t\t\t\t\t\t\t<\/label>\n\t\t\t\t\t\t\t\t\t\t\t\t\t\t<input size=\"1\" type=\"text\" name=\"form_fields[name]\" id=\"form-field-name\" class=\"elementor-field elementor-size-xs  elementor-field-textual\" placeholder=\"Nombre Completo\" required=\"required\" aria-required=\"true\">\n\t\t\t\t\t\t\t\t\t\t\t<\/div>\n\t\t\t\t\t\t\t\t<div class=\"elementor-field-type-text elementor-field-group elementor-column elementor-field-group-email elementor-col-33 elementor-field-required\">\n\t\t\t\t\t\t\t\t\t\t\t\t<label for=\"form-field-email\" class=\"elementor-field-label\">\n\t\t\t\t\t\t\t\t2. N\u00famero de visitantes\t\t\t\t\t\t\t<\/label>\n\t\t\t\t\t\t\t\t\t\t\t\t\t\t<input size=\"1\" type=\"text\" name=\"form_fields[email]\" id=\"form-field-email\" class=\"elementor-field elementor-size-xs  elementor-field-textual\" placeholder=\"N\u00famero\" required=\"required\" aria-required=\"true\">\n\t\t\t\t\t\t\t\t\t\t\t<\/div>\n\t\t\t\t\t\t\t\t<div class=\"elementor-field-type-tel elementor-field-group elementor-column elementor-field-group-message elementor-col-33 elementor-field-required\">\n\t\t\t\t\t\t\t\t\t\t\t\t<label for=\"form-field-message\" class=\"elementor-field-label\">\n\t\t\t\t\t\t\t\t3. N\u00famero de tel\u00e9fono \t\t\t\t\t\t\t<\/label>\n\t\t\t\t\t\t\t\t<input size=\"1\" type=\"tel\" name=\"form_fields[message]\" id=\"form-field-message\" class=\"elementor-field elementor-size-xs  elementor-field-textual\" placeholder=\"Prefijo + N\u00famero\" required=\"required\" aria-required=\"true\" pattern=\"[0-9()#&amp;+*-=.]+\" title=\"Only numbers and phone characters (#, -, *, etc) are accepted.\">\n\n\t\t\t\t\t\t<\/div>\n\t\t\t\t\t\t\t\t<div class=\"elementor-field-type-email elementor-field-group elementor-column elementor-field-group-field_23aa2f3 elementor-col-33 elementor-field-required\">\n\t\t\t\t\t\t\t\t\t\t\t\t<label for=\"form-field-field_23aa2f3\" class=\"elementor-field-label\">\n\t\t\t\t\t\t\t\t4. Correo electr\u00f3nico de contacto\t\t\t\t\t\t\t<\/label>\n\t\t\t\t\t\t\t\t\t\t\t\t\t\t<input size=\"1\" type=\"email\" name=\"form_fields[field_23aa2f3]\" id=\"form-field-field_23aa2f3\" class=\"elementor-field elementor-size-xs  elementor-field-textual\" placeholder=\"nombre@mail.com\" required=\"required\" aria-required=\"true\">\n\t\t\t\t\t\t\t\t\t\t\t<\/div>\n\t\t\t\t\t\t\t\t<div class=\"elementor-field-type-text elementor-field-group elementor-column elementor-field-group-field_bfae111 elementor-col-33 elementor-field-required\">\n\t\t\t\t\t\t\t\t\t\t\t\t<label for=\"form-field-field_bfae111\" class=\"elementor-field-label\">\n\t\t\t\t\t\t\t\t5. Nacionalidad\t\t\t\t\t\t\t<\/label>\n\t\t\t\t\t\t\t\t\t\t\t\t\t\t<input size=\"1\" type=\"text\" name=\"form_fields[field_bfae111]\" id=\"form-field-field_bfae111\" class=\"elementor-field elementor-size-xs  elementor-field-textual\" placeholder=\"Nacionalidad\" required=\"required\" aria-required=\"true\">\n\t\t\t\t\t\t\t\t\t\t\t<\/div>\n\t\t\t\t\t\t\t\t<div class=\"elementor-field-type-select elementor-field-group elementor-column elementor-field-group-field_a6a1a87 elementor-col-33 elementor-field-required\">\n\t\t\t\t\t\t\t\t\t\t\t\t<label for=\"form-field-field_a6a1a87\" class=\"elementor-field-label\">\n\t\t\t\t\t\t\t\t6. Alojamiento elegido\t\t\t\t\t\t\t<\/label>\n\t\t\t\t\t\t\t\t<div class=\"elementor-field elementor-select-wrapper remove-before \">\n\t\t\t<div class=\"select-caret-down-wrapper\">\n\t\t\t\t<svg aria-hidden=\"true\" class=\"e-font-icon-svg e-eicon-caret-down\" viewBox=\"0 0 571.4 571.4\" xmlns=\"http:\/\/www.w3.org\/2000\/svg\"><path d=\"M571 393Q571 407 561 418L311 668Q300 679 286 679T261 668L11 418Q0 407 0 393T11 368 36 357H536Q550 357 561 368T571 393Z\"><\/path><\/svg>\t\t\t<\/div>\n\t\t\t<select name=\"form_fields[field_a6a1a87]\" id=\"form-field-field_a6a1a87\" class=\"elementor-field-textual elementor-size-xs\" required=\"required\" aria-required=\"true\">\n\t\t\t\t\t\t\t\t\t<option value=\"Caba\u00f1a Arara (Privado)\">Caba\u00f1a Arara (Privado)<\/option>\n\t\t\t\t\t\t\t\t\t<option value=\"Caba\u00f1a Mot-Mot (Privado)\">Caba\u00f1a Mot-Mot (Privado)<\/option>\n\t\t\t\t\t\t\t\t\t<option value=\"Caba\u00f1a Aracari (Privado)\">Caba\u00f1a Aracari (Privado)<\/option>\n\t\t\t\t\t\t\t\t\t<option value=\"Caba\u00f1a Trepa-Pau (Privado)\">Caba\u00f1a Trepa-Pau (Privado)<\/option>\n\t\t\t\t\t\t\t\t\t<option value=\"Maloka Brisa Natural (Espacio compartido)\">Maloka Brisa Natural (Espacio compartido)<\/option>\n\t\t\t\t\t\t\t\t\t<option value=\"Enramada en la Selva (Espacio compartido)\">Enramada en la Selva (Espacio compartido)<\/option>\n\t\t\t\t\t\t\t<\/select>\n\t\t<\/div>\n\t\t\t\t\t\t<\/div>\n\t\t\t\t\t\t\t\t<div class=\"elementor-field-type-date elementor-field-group elementor-column elementor-field-group-field_f7347bd elementor-col-50 elementor-field-required\">\n\t\t\t\t\t\t\t\t\t\t\t\t<label for=\"form-field-field_f7347bd\" class=\"elementor-field-label\">\n\t\t\t\t\t\t\t\t7. Fecha de llegada\t\t\t\t\t\t\t<\/label>\n\t\t\t\t\t\t\n\t\t<input type=\"date\" name=\"form_fields[field_f7347bd]\" id=\"form-field-field_f7347bd\" class=\"elementor-field elementor-size-xs  elementor-field-textual elementor-date-field\" placeholder=\"07\/11\/2023\" required=\"required\" aria-required=\"true\" pattern=\"[0-9]{4}-[0-9]{2}-[0-9]{2}\">\n\t\t\t\t\t\t<\/div>\n\t\t\t\t\t\t\t\t<div class=\"elementor-field-type-date elementor-field-group elementor-column elementor-field-group-field_b037b5c elementor-col-50 elementor-field-required\">\n\t\t\t\t\t\t\t\t\t\t\t\t<label for=\"form-field-field_b037b5c\" class=\"elementor-field-label\">\n\t\t\t\t\t\t\t\t8. Fecha de salida\t\t\t\t\t\t\t<\/label>\n\t\t\t\t\t\t\n\t\t<input type=\"date\" name=\"form_fields[field_b037b5c]\" id=\"form-field-field_b037b5c\" class=\"elementor-field elementor-size-xs  elementor-field-textual elementor-date-field\" placeholder=\"07\/11\/2023\" required=\"required\" aria-required=\"true\" pattern=\"[0-9]{4}-[0-9]{2}-[0-9]{2}\">\n\t\t\t\t\t\t<\/div>\n\t\t\t\t\t\t\t\t<div class=\"elementor-field-type-textarea elementor-field-group elementor-column elementor-field-group-field_dee5b73 elementor-col-100 elementor-field-required\">\n\t\t\t\t\t\t\t\t\t\t\t\t<label for=\"form-field-field_dee5b73\" class=\"elementor-field-label\">\n\t\t\t\t\t\t\t\t9. Comentarios y observaciones, Inf\u00f3rmanos si viajas con menores de 12 a\u00f1os. \t\t\t\t\t\t\t<\/label>\n\t\t\t\t\t\t<textarea class=\"elementor-field-textual elementor-field  elementor-size-xs\" name=\"form_fields[field_dee5b73]\" id=\"form-field-field_dee5b73\" rows=\"4\" required=\"required\" aria-required=\"true\"><\/textarea>\t\t\t\t<\/div>\n\t\t\t\t\t\t\t\t<div class=\"elementor-field-type-checkbox elementor-field-group elementor-column elementor-field-group-field_f63fad5 elementor-col-66\">\n\t\t\t\t\t<div class=\"elementor-field-subgroup  \"><span class=\"elementor-field-option\"><input type=\"checkbox\" value=\"Acepto los &lt;a href=&quot;https:\/\/new.palmari.org\/tips-questions\/&quot;&gt;t\u00e9rminos y condiciones&lt;\/a&gt;\" id=\"form-field-field_f63fad5-0\" name=\"form_fields[field_f63fad5]\"> <label for=\"form-field-field_f63fad5-0\">Acepto los <a href=\"https:\/\/new.palmari.org\/tips-questions\/\">t\u00e9rminos y condiciones<\/a><\/label><\/span><\/div>\t\t\t\t<\/div>\n\t\t\t\t\t\t\t\t<div class=\"elementor-field-group elementor-column elementor-field-type-submit elementor-col-30 e-form__buttons\">\n\t\t\t\t\t<button type=\"submit\" class=\"elementor-button elementor-size-sm\" id=\"hoverBtn\">\n\t\t\t\t\t\t<span >\n\t\t\t\t\t\t\t\t\t\t\t\t\t\t\t<span class=\"elementor-align-icon-right elementor-button-icon\">\n\t\t\t\t\t\t\t\t\t<svg aria-hidden=\"true\" class=\"e-font-icon-svg e-fas-arrow-right\" viewBox=\"0 0 448 512\" xmlns=\"http:\/\/www.w3.org\/2000\/svg\"><path d=\"M190.5 66.9l22.2-22.2c9.4-9.4 24.6-9.4 33.9 0L441 239c9.4 9.4 9.4 24.6 0 33.9L246.6 467.3c-9.4 9.4-24.6 9.4-33.9 0l-22.2-22.2c-9.5-9.5-9.3-25 .4-34.3L311.4 296H24c-13.3 0-24-10.7-24-24v-32c0-13.3 10.7-24 24-24h287.4L190.9 101.2c-9.8-9.3-10-24.8-.4-34.3z\"><\/path><\/svg>\t\t\t\t\t\t\t\t\t\t\t\t\t\t\t\t\t<\/span>\n\t\t\t\t\t\t\t\t\t\t\t\t\t\t\t\t\t\t\t\t\t\t<span class=\"elementor-button-text\">Enviar Cotizaci\u00f3n<\/span>\n\t\t\t\t\t\t\t\t\t\t\t\t\t<\/span>\n\t\t\t\t\t<\/button>\n\t\t\t\t<\/div>\n\t\t\t<\/div>\n\t\t<\/form>\n\t\t\t\t\t\t<\/div>\n\t\t\t\t<\/div>\n\t\t\t\t\t<\/div>\n\t\t\t\t<\/div>\n\t\t\t\t\t<\/div>\n\t\t\t\t<\/div>\n\t\t<div class=\"elementor-element elementor-element-4a89340d e-flex e-con-boxed e-con e-parent\" data-id=\"4a89340d\" data-element_type=\"container\">\n\t\t\t\t\t<div class=\"e-con-inner\">\n\t\t\t\t<div class=\"elementor-element elementor-element-5a7c8138 elementor-widget elementor-widget-accordion\" data-id=\"5a7c8138\" data-element_type=\"widget\" data-widget_type=\"accordion.default\">\n\t\t\t\t<div class=\"elementor-widget-container\">\n\t\t\t\t\t\t\t<div class=\"elementor-accordion\">\n\t\t\t\t\t\t\t<div class=\"elementor-accordion-item\">\n\t\t\t\t\t<div id=\"elementor-tab-title-1511\" class=\"elementor-tab-title\" data-tab=\"1\" role=\"button\" aria-controls=\"elementor-tab-content-1511\" aria-expanded=\"false\">\n\t\t\t\t\t\t\t\t\t\t\t\t\t<span class=\"elementor-accordion-icon elementor-accordion-icon-right\" aria-hidden=\"true\">\n\t\t\t\t\t\t\t\t\t\t\t\t\t\t\t<span class=\"elementor-accordion-icon-closed\"><svg xmlns=\"http:\/\/www.w3.org\/2000\/svg\" width=\"29\" height=\"29\" viewBox=\"0 0 29 29\" fill=\"none\"><g id=\"plus\"><path id=\"Path 2\" d=\"M14.201 23.8333L14.201 5.16663\" stroke=\"#004A4A\" stroke-width=\"2\" stroke-linecap=\"round\"><\/path><path id=\"Path 2_2\" d=\"M23.5347 14.5L4.868 14.5\" stroke=\"#004A4A\" stroke-width=\"2\" stroke-linecap=\"round\"><\/path><\/g><\/svg><\/span>\n\t\t\t\t\t\t\t\t<span class=\"elementor-accordion-icon-opened\"><svg xmlns=\"http:\/\/www.w3.org\/2000\/svg\" width=\"29\" height=\"29\" viewBox=\"0 0 29 29\" fill=\"none\"><g id=\"plus\"><path id=\"Path 2\" d=\"M14.201 23.8333L14.201 5.16663\" stroke=\"#004A4A\" stroke-width=\"2\" stroke-linecap=\"round\"><\/path><path id=\"Path 2_2\" d=\"M23.5347 14.5L4.868 14.5\" stroke=\"#004A4A\" stroke-width=\"2\" stroke-linecap=\"round\"><\/path><\/g><\/svg><\/span>\n\t\t\t\t\t\t\t\t\t\t\t\t\t\t<\/span>\n\t\t\t\t\t\t\t\t\t\t\t\t<a class=\"elementor-accordion-title\" tabindex=\"0\">Qu\u00e9 incluye<\/a>\n\t\t\t\t\t<\/div>\n\t\t\t\t\t<div id=\"elementor-tab-content-1511\" class=\"elementor-tab-content elementor-clearfix\" data-tab=\"1\" role=\"region\" aria-labelledby=\"elementor-tab-title-1511\"><ul><li>Recepci\u00f3n en los aeropuertos de <strong>Leticia (CO)<\/strong>, <strong>Tabatinga (BR)<\/strong> o en cualquier hotel, hostal o direcci\u00f3n, as\u00ed como en el muelle fluvial de <strong>Santa Rosa (PE)<\/strong>.<\/li><li>Un transporte diario combinado (p\u00fablico y privado) de ida y regreso a nuestro centro de visitantes <em>(cotizado por separado para los paquetes de servicio comunal)<\/em>.<\/li><li>Alojamiento seg\u00fan el tipo de servicio y categor\u00eda elegidos.<\/li><li>Asistencia con los tr\u00e1mites migratorios fronterizos, si se desea.<\/li><li><strong>Pensi\u00f3n completa:<\/strong> desayuno, almuerzo y cena.<\/li><li>Snacks durante las actividades prolongadas.<\/li><li><strong>Bebidas no alcoh\u00f3licas:<\/strong> gaseosas, agua filtrada, jugos, caf\u00e9, t\u00e9, entre otras.<\/li><li><strong>Bebidas alcoh\u00f3licas:<\/strong> cerveza en lata, ron, cacha\u00e7a y caipiri\u00f1a.<\/li><li><strong>Gu\u00eda privado<\/strong> asignado para cada reserva.<\/li><li>Acceso completo a nuestro portafolio de actividades, diurnas y nocturnas, todas las veces que desees repetirlas <em>(exceptuando tres actividades, detalladas en el cap\u00edtulo \u201cPreguntas Frecuentes\u201d)<\/em>.<\/li><li>Todo el equipo, materiales y log\u00edstica, tambi\u00e9n para pernoctadas en la selva.<\/li><li>Todos los medios de transporte acu\u00e1tico necesarios para las actividades.<\/li><li>Posibilidad de pasar varias noches en la selva, si se desea.<\/li><li>Caminatas extremas por tierra y\/o agua.<\/li><li>Conectividad a <strong>Internet y tel\u00e9fono m\u00f3vil (sistema Starlink)<\/strong>.<\/li><li>P\u00f3liza de seguro m\u00e9dico <strong>\u201ctodo riesgo\u201d<\/strong> durante toda la estad\u00eda.<\/li><li><strong>Suministro el\u00e9ctrico<\/strong> (\u00a1no olvides tu adaptador de enchufe espec\u00edfico!).<\/li><\/ul><\/div>\n\t\t\t\t<\/div>\n\t\t\t\t\t\t\t\t\t\t<script type=\"application\/ld+json\">{\"@context\":\"https:\\\/\\\/schema.org\",\"@type\":\"FAQPage\",\"mainEntity\":[{\"@type\":\"Question\",\"name\":\"Qu\\u00e9 incluye\",\"acceptedAnswer\":{\"@type\":\"Answer\",\"text\":\"<ul><li>Recepci\\u00f3n en los aeropuertos de <strong>Leticia (CO)<\\\/strong>, <strong>Tabatinga (BR)<\\\/strong> o en cualquier hotel, hostal o direcci\\u00f3n, as\\u00ed como en el muelle fluvial de <strong>Santa Rosa (PE)<\\\/strong>.<\\\/li><li>Un transporte diario combinado (p\\u00fablico y privado) de ida y regreso a nuestro centro de visitantes <em>(cotizado por separado para los paquetes de servicio comunal)<\\\/em>.<\\\/li><li>Alojamiento seg\\u00fan el tipo de servicio y categor\\u00eda elegidos.<\\\/li><li>Asistencia con los tr\\u00e1mites migratorios fronterizos, si se desea.<\\\/li><li><strong>Pensi\\u00f3n completa:<\\\/strong> desayuno, almuerzo y cena.<\\\/li><li>Snacks durante las actividades prolongadas.<\\\/li><li><strong>Bebidas no alcoh\\u00f3licas:<\\\/strong> gaseosas, agua filtrada, jugos, caf\\u00e9, t\\u00e9, entre otras.<\\\/li><li><strong>Bebidas alcoh\\u00f3licas:<\\\/strong> cerveza en lata, ron, cacha\\u00e7a y caipiri\\u00f1a.<\\\/li><li><strong>Gu\\u00eda privado<\\\/strong> asignado para cada reserva.<\\\/li><li>Acceso completo a nuestro portafolio de actividades, diurnas y nocturnas, todas las veces que desees repetirlas <em>(exceptuando tres actividades, detalladas en el cap\\u00edtulo \\u201cPreguntas Frecuentes\\u201d)<\\\/em>.<\\\/li><li>Todo el equipo, materiales y log\\u00edstica, tambi\\u00e9n para pernoctadas en la selva.<\\\/li><li>Todos los medios de transporte acu\\u00e1tico necesarios para las actividades.<\\\/li><li>Posibilidad de pasar varias noches en la selva, si se desea.<\\\/li><li>Caminatas extremas por tierra y\\\/o agua.<\\\/li><li>Conectividad a <strong>Internet y tel\\u00e9fono m\\u00f3vil (sistema Starlink)<\\\/strong>.<\\\/li><li>P\\u00f3liza de seguro m\\u00e9dico <strong>\\u201ctodo riesgo\\u201d<\\\/strong> durante toda la estad\\u00eda.<\\\/li><li><strong>Suministro el\\u00e9ctrico<\\\/strong> (\\u00a1no olvides tu adaptador de enchufe espec\\u00edfico!).<\\\/li><\\\/ul>\"}}]}<\/script>\n\t\t\t\t\t<\/div>\n\t\t\t\t\t\t<\/div>\n\t\t\t\t<\/div>\n\t\t\t\t\t<\/div>\n\t\t\t\t<\/div>\n\t\t<div class=\"elementor-element elementor-element-e1f8324 e-flex e-con-boxed e-con e-parent\" data-id=\"e1f8324\" data-element_type=\"container\" data-settings=\"{&quot;background_background&quot;:&quot;classic&quot;,&quot;background_motion_fx_translateY_speed&quot;:{&quot;unit&quot;:&quot;px&quot;,&quot;size&quot;:8,&quot;sizes&quot;:[]},&quot;background_motion_fx_motion_fx_scrolling&quot;:&quot;yes&quot;,&quot;background_motion_fx_translateY_effect&quot;:&quot;yes&quot;,&quot;background_motion_fx_translateY_affectedRange&quot;:{&quot;unit&quot;:&quot;%&quot;,&quot;size&quot;:&quot;&quot;,&quot;sizes&quot;:{&quot;start&quot;:0,&quot;end&quot;:51}},&quot;background_motion_fx_devices&quot;:[&quot;desktop&quot;,&quot;tablet&quot;,&quot;mobile&quot;]}\">\n\t\t\t\t\t<div class=\"e-con-inner\">\n\t\t\t\t<div class=\"elementor-element elementor-element-448fb90e hoverBtn elementor-widget elementor-widget-heading\" data-id=\"448fb90e\" data-element_type=\"widget\" data-widget_type=\"heading.default\">\n\t\t\t\t<div class=\"elementor-widget-container\">\n\t\t\t\t\t<h2 class=\"elementor-heading-title elementor-size-default\">Prepara tu viaje a Palmari<\/h2>\t\t\t\t<\/div>\n\t\t\t\t<\/div>\n\t\t\t\t<div class=\"elementor-element elementor-element-c240152 elementor-align-center elementor-widget elementor-widget-button\" data-id=\"c240152\" data-element_type=\"widget\" data-widget_type=\"button.default\">\n\t\t\t\t<div class=\"elementor-widget-container\">\n\t\t\t\t\t\t\t\t\t<div class=\"elementor-button-wrapper\">\n\t\t\t\t\t<a class=\"elementor-button elementor-button-link elementor-size-sm\" href=\"\/esp\/consejos-preguntas\/\">\n\t\t\t\t\t\t<span class=\"elementor-button-content-wrapper\">\n\t\t\t\t\t\t<span class=\"elementor-button-icon\">\n\t\t\t\t<svg aria-hidden=\"true\" class=\"e-font-icon-svg e-fas-chevron-right\" viewBox=\"0 0 320 512\" xmlns=\"http:\/\/www.w3.org\/2000\/svg\"><path d=\"M285.476 272.971L91.132 467.314c-9.373 9.373-24.569 9.373-33.941 0l-22.667-22.667c-9.357-9.357-9.375-24.522-.04-33.901L188.505 256 34.484 101.255c-9.335-9.379-9.317-24.544.04-33.901l22.667-22.667c9.373-9.373 24.569-9.373 33.941 0L285.475 239.03c9.373 9.372 9.373 24.568.001 33.941z\"><\/path><\/svg>\t\t\t<\/span>\n\t\t\t\t\t\t\t\t\t<span class=\"elementor-button-text\">Ir a Preguntas Frecuentes<\/span>\n\t\t\t\t\t<\/span>\n\t\t\t\t\t<\/a>\n\t\t\t\t<\/div>\n\t\t\t\t\t\t\t\t<\/div>\n\t\t\t\t<\/div>\n\t\t\t\t\t<\/div>\n\t\t\t\t<\/div>\n\t\t\t\t<\/div>\n\t\t","protected":false},"excerpt":{"rendered":"<p>Reserva Ahora Est\u00e1s a un paso de vivir la experiencia de la Reserva Natural Palmari.Cada una de nuestras reservas se adapta cuidadosamente a las variables cambiantes y a tus preferencias, para asegurar una estad\u00eda placentera en nuestro para\u00edso amaz\u00f3nico. Por favor, completa el formulario de solicitud de cotizaci\u00f3n a continuaci\u00f3n: Qu\u00e9 incluye Recepci\u00f3n en los [&hellip;]<\/p>\n","protected":false},"author":4,"featured_media":0,"parent":0,"menu_order":0,"comment_status":"closed","ping_status":"closed","template":"elementor_header_footer","meta":{"_acf_changed":false,"_trash_the_other_posts":false,"editor_notices":[],"_joinchat":[],"footnotes":""},"class_list":["post-1777","page","type-page","status-publish","hentry"],"acf":[],"aioseo_notices":[],"_links":{"self":[{"href":"https:\/\/new.palmari.org\/esp\/wp-json\/wp\/v2\/pages\/1777","targetHints":{"allow":["GET"]}}],"collection":[{"href":"https:\/\/new.palmari.org\/esp\/wp-json\/wp\/v2\/pages"}],"about":[{"href":"https:\/\/new.palmari.org\/esp\/wp-json\/wp\/v2\/types\/page"}],"author":[{"embeddable":true,"href":"https:\/\/new.palmari.org\/esp\/wp-json\/wp\/v2\/users\/4"}],"replies":[{"embeddable":true,"href":"https:\/\/new.palmari.org\/esp\/wp-json\/wp\/v2\/comments?post=1777"}],"version-history":[{"count":217,"href":"https:\/\/new.palmari.org\/esp\/wp-json\/wp\/v2\/pages\/1777\/revisions"}],"predecessor-version":[{"id":5911,"href":"https:\/\/new.palmari.org\/esp\/wp-json\/wp\/v2\/pages\/1777\/revisions\/5911"}],"wp:attachment":[{"href":"https:\/\/new.palmari.org\/esp\/wp-json\/wp\/v2\/media?parent=1777"}],"curies":[{"name":"wp","href":"https:\/\/api.w.org\/{rel}","templated":true}]}}