{"id":1777,"date":"2023-11-23T12:18:25","date_gmt":"2023-11-23T12:18:25","guid":{"rendered":"https:\/\/new.palmari.org\/?page_id=1777"},"modified":"2025-10-22T20:39:57","modified_gmt":"2025-10-22T20:39:57","slug":"buchung","status":"publish","type":"page","link":"https:\/\/new.palmari.org\/deu\/buchung\/","title":{"rendered":"Buchung"},"content":{"rendered":"\t\t<div data-elementor-type=\"wp-page\" data-elementor-id=\"1777\" class=\"elementor elementor-1777\" data-elementor-post-type=\"page\">\n\t\t\t\t<div class=\"elementor-element elementor-element-50658cb e-flex e-con-boxed elementor-invisible e-con e-parent\" data-id=\"50658cb\" data-element_type=\"container\" data-settings=\"{&quot;background_background&quot;:&quot;classic&quot;,&quot;animation&quot;:&quot;fadeIn&quot;}\">\n\t\t\t\t\t<div class=\"e-con-inner\">\n\t\t\t\t<div class=\"elementor-element elementor-element-7d66b39e animated-slow elementor-invisible elementor-widget elementor-widget-heading\" data-id=\"7d66b39e\" data-element_type=\"widget\" data-settings=\"{&quot;_animation&quot;:&quot;fadeInUp&quot;,&quot;_animation_delay&quot;:500}\" data-widget_type=\"heading.default\">\n\t\t\t\t<div class=\"elementor-widget-container\">\n\t\t\t\t\t<h2 class=\"elementor-heading-title elementor-size-default\">Jetzt Buchen<\/h2>\t\t\t\t<\/div>\n\t\t\t\t<\/div>\n\t\t\t\t\t<\/div>\n\t\t\t\t<\/div>\n\t\t<div class=\"elementor-element elementor-element-44107e1 e-flex e-con-boxed e-con e-parent\" data-id=\"44107e1\" data-element_type=\"container\">\n\t\t\t\t\t<div class=\"e-con-inner\">\n\t\t<div class=\"elementor-element elementor-element-48ecd07 e-flex e-con-boxed e-con e-child\" data-id=\"48ecd07\" data-element_type=\"container\" data-settings=\"{&quot;background_background&quot;:&quot;classic&quot;}\">\n\t\t\t\t\t<div class=\"e-con-inner\">\n\t\t<div class=\"elementor-element elementor-element-6124453 e-flex e-con-boxed e-con e-child\" data-id=\"6124453\" data-element_type=\"container\">\n\t\t\t\t\t<div class=\"e-con-inner\">\n\t\t<div class=\"elementor-element elementor-element-aaa8dc4 e-con-full e-flex e-con e-child\" data-id=\"aaa8dc4\" data-element_type=\"container\">\n\t\t\t\t<div class=\"elementor-element elementor-element-6a42bb0 elementor-widget elementor-widget-text-editor\" data-id=\"6a42bb0\" data-element_type=\"widget\" data-widget_type=\"text-editor.default\">\n\t\t\t\t<div class=\"elementor-widget-container\">\n\t\t\t\t\t\t\t\t\t<p>Du bist nur noch <strong>einen Schritt <\/strong>von der <strong>Reserva Natural Palmari<\/strong> <strong>entfernt.<\/strong> Alle unsere Buchungen werden sorgf\u00e4ltig an die wechselnden Variablen angepasst \u2013 individuell abgestimmt, damit dein Aufenthalt in unserem Paradies so angenehm wie m\u00f6glich wird.<\/p><p>Bitte f\u00fclle das folgende Formular zur Angebotserstellung aus:<\/p>\t\t\t\t\t\t\t\t<\/div>\n\t\t\t\t<\/div>\n\t\t\t\t<\/div>\n\t\t<div class=\"elementor-element elementor-element-ae4db32 e-flex e-con-boxed e-con e-child\" data-id=\"ae4db32\" data-element_type=\"container\">\n\t\t\t\t\t<div class=\"e-con-inner\">\n\t\t\t\t<div class=\"elementor-element elementor-element-f21b9e6 elementor-widget elementor-widget-image\" data-id=\"f21b9e6\" data-element_type=\"widget\" data-widget_type=\"image.default\">\n\t\t\t\t<div class=\"elementor-widget-container\">\n\t\t\t\t\t\t\t\t\t\t\t\t\t\t\t<img fetchpriority=\"high\" decoding=\"async\" width=\"802\" height=\"458\" src=\"https:\/\/new.palmari.org\/deu\/wp-content\/uploads\/sites\/9\/2023\/10\/primary-logo.png\" class=\"attachment-large size-large wp-image-23\" alt=\"\" srcset=\"https:\/\/new.palmari.org\/deu\/wp-content\/uploads\/sites\/9\/2023\/10\/primary-logo.png 802w, https:\/\/new.palmari.org\/deu\/wp-content\/uploads\/sites\/9\/2023\/10\/primary-logo-300x171.png 300w, https:\/\/new.palmari.org\/deu\/wp-content\/uploads\/sites\/9\/2023\/10\/primary-logo-768x439.png 768w\" sizes=\"(max-width: 802px) 100vw, 802px\" \/>\t\t\t\t\t\t\t\t\t\t\t\t\t\t\t<\/div>\n\t\t\t\t<\/div>\n\t\t\t\t\t<\/div>\n\t\t\t\t<\/div>\n\t\t\t\t\t<\/div>\n\t\t\t\t<\/div>\n\t\t\t\t<div class=\"elementor-element elementor-element-7050f31 elementor-button-align-stretch elementor-widget elementor-widget-form\" data-id=\"7050f31\" data-element_type=\"widget\" data-settings=\"{&quot;button_width&quot;:&quot;30&quot;,&quot;step_next_label&quot;:&quot;Next&quot;,&quot;step_previous_label&quot;:&quot;Previous&quot;,&quot;step_type&quot;:&quot;number_text&quot;,&quot;step_icon_shape&quot;:&quot;circle&quot;}\" data-widget_type=\"form.default\">\n\t\t\t\t<div class=\"elementor-widget-container\">\n\t\t\t\t\t\t\t<form class=\"elementor-form\" method=\"post\" name=\"New Form\">\n\t\t\t<input type=\"hidden\" name=\"post_id\" value=\"1777\"\/>\n\t\t\t<input type=\"hidden\" name=\"form_id\" value=\"7050f31\"\/>\n\t\t\t<input type=\"hidden\" name=\"referer_title\" value=\"\" \/>\n\n\t\t\t\n\t\t\t<div class=\"elementor-form-fields-wrapper elementor-labels-above\">\n\t\t\t\t\t\t\t\t<div class=\"elementor-field-type-text elementor-field-group elementor-column elementor-field-group-name elementor-col-33 elementor-field-required\">\n\t\t\t\t\t\t\t\t\t\t\t\t<label for=\"form-field-name\" class=\"elementor-field-label\">\n\t\t\t\t\t\t\t\t1.\tName & Nachname\t\t\t\t\t\t\t<\/label>\n\t\t\t\t\t\t\t\t\t\t\t\t\t\t<input size=\"1\" type=\"text\" name=\"form_fields[name]\" id=\"form-field-name\" class=\"elementor-field elementor-size-xs  elementor-field-textual\" placeholder=\"Vollst\u00e4ndiger Name\" required=\"required\" aria-required=\"true\">\n\t\t\t\t\t\t\t\t\t\t\t<\/div>\n\t\t\t\t\t\t\t\t<div class=\"elementor-field-type-text elementor-field-group elementor-column elementor-field-group-email elementor-col-33 elementor-field-required\">\n\t\t\t\t\t\t\t\t\t\t\t\t<label for=\"form-field-email\" class=\"elementor-field-label\">\n\t\t\t\t\t\t\t\t2.\tAnzahl der Besucher\t\t\t\t\t\t\t<\/label>\n\t\t\t\t\t\t\t\t\t\t\t\t\t\t<input size=\"1\" type=\"text\" name=\"form_fields[email]\" id=\"form-field-email\" class=\"elementor-field elementor-size-xs  elementor-field-textual\" placeholder=\"Nummer\" required=\"required\" aria-required=\"true\">\n\t\t\t\t\t\t\t\t\t\t\t<\/div>\n\t\t\t\t\t\t\t\t<div class=\"elementor-field-type-tel elementor-field-group elementor-column elementor-field-group-message elementor-col-33 elementor-field-required\">\n\t\t\t\t\t\t\t\t\t\t\t\t<label for=\"form-field-message\" class=\"elementor-field-label\">\n\t\t\t\t\t\t\t\t3.\tTelefonnummer\t\t\t\t\t\t\t<\/label>\n\t\t\t\t\t\t\t\t<input size=\"1\" type=\"tel\" name=\"form_fields[message]\" id=\"form-field-message\" class=\"elementor-field elementor-size-xs  elementor-field-textual\" placeholder=\"Vorwahl + Nummer\" required=\"required\" aria-required=\"true\" pattern=\"[0-9()#&amp;+*-=.]+\" title=\"Only numbers and phone characters (#, -, *, etc) are accepted.\">\n\n\t\t\t\t\t\t<\/div>\n\t\t\t\t\t\t\t\t<div class=\"elementor-field-type-email elementor-field-group elementor-column elementor-field-group-field_23aa2f3 elementor-col-33 elementor-field-required\">\n\t\t\t\t\t\t\t\t\t\t\t\t<label for=\"form-field-field_23aa2f3\" class=\"elementor-field-label\">\n\t\t\t\t\t\t\t\t4.\tE-Mail-Adresse\t\t\t\t\t\t\t<\/label>\n\t\t\t\t\t\t\t\t\t\t\t\t\t\t<input size=\"1\" type=\"email\" name=\"form_fields[field_23aa2f3]\" id=\"form-field-field_23aa2f3\" class=\"elementor-field elementor-size-xs  elementor-field-textual\" placeholder=\"name@mail.com\" required=\"required\" aria-required=\"true\">\n\t\t\t\t\t\t\t\t\t\t\t<\/div>\n\t\t\t\t\t\t\t\t<div class=\"elementor-field-type-text elementor-field-group elementor-column elementor-field-group-field_bfae111 elementor-col-33 elementor-field-required\">\n\t\t\t\t\t\t\t\t\t\t\t\t<label for=\"form-field-field_bfae111\" class=\"elementor-field-label\">\n\t\t\t\t\t\t\t\t5.\tStaatsangehoerigkei\t\t\t\t\t\t\t<\/label>\n\t\t\t\t\t\t\t\t\t\t\t\t\t\t<input size=\"1\" type=\"text\" name=\"form_fields[field_bfae111]\" id=\"form-field-field_bfae111\" class=\"elementor-field elementor-size-xs  elementor-field-textual\" placeholder=\"Staatsangeh\u00f6rigkeit\" required=\"required\" aria-required=\"true\">\n\t\t\t\t\t\t\t\t\t\t\t<\/div>\n\t\t\t\t\t\t\t\t<div class=\"elementor-field-type-select elementor-field-group elementor-column elementor-field-group-field_a6a1a87 elementor-col-33 elementor-field-required\">\n\t\t\t\t\t\t\t\t\t\t\t\t<label for=\"form-field-field_a6a1a87\" class=\"elementor-field-label\">\n\t\t\t\t\t\t\t\t6.\tGewaehlte Unterkunft\t\t\t\t\t\t\t<\/label>\n\t\t\t\t\t\t\t\t<div class=\"elementor-field elementor-select-wrapper remove-before \">\n\t\t\t<div class=\"select-caret-down-wrapper\">\n\t\t\t\t<svg aria-hidden=\"true\" class=\"e-font-icon-svg e-eicon-caret-down\" viewBox=\"0 0 571.4 571.4\" xmlns=\"http:\/\/www.w3.org\/2000\/svg\"><path d=\"M571 393Q571 407 561 418L311 668Q300 679 286 679T261 668L11 418Q0 407 0 393T11 368 36 357H536Q550 357 561 368T571 393Z\"><\/path><\/svg>\t\t\t<\/div>\n\t\t\t<select name=\"form_fields[field_a6a1a87]\" id=\"form-field-field_a6a1a87\" class=\"elementor-field-textual elementor-size-xs\" required=\"required\" aria-required=\"true\">\n\t\t\t\t\t\t\t\t\t<option value=\"Arara Lodge (Privat)\">Arara Lodge (Privat)<\/option>\n\t\t\t\t\t\t\t\t\t<option value=\"Mot-Mot Lodge (Privat)\">Mot-Mot Lodge (Privat)<\/option>\n\t\t\t\t\t\t\t\t\t<option value=\"Aracari Lodge (Privat)\">Aracari Lodge (Privat)<\/option>\n\t\t\t\t\t\t\t\t\t<option value=\"Trepa-Pau Lodge (Privat)\">Trepa-Pau Lodge (Privat)<\/option>\n\t\t\t\t\t\t\t\t\t<option value=\"Nat\u00fcrliche Brise Maloka (Gemeinschaftsraum)\">Nat\u00fcrliche Brise Maloka (Gemeinschaftsraum)<\/option>\n\t\t\t\t\t\t\t\t\t<option value=\"Regenwald Enramada (Gemeinschaftsraum)\">Regenwald Enramada (Gemeinschaftsraum)<\/option>\n\t\t\t\t\t\t\t\t\t<option value=\"\"><\/option>\n\t\t\t\t\t\t\t<\/select>\n\t\t<\/div>\n\t\t\t\t\t\t<\/div>\n\t\t\t\t\t\t\t\t<div class=\"elementor-field-type-date elementor-field-group elementor-column elementor-field-group-field_f7347bd elementor-col-50 elementor-field-required\">\n\t\t\t\t\t\t\t\t\t\t\t\t<label for=\"form-field-field_f7347bd\" class=\"elementor-field-label\">\n\t\t\t\t\t\t\t\t7.\tAnkunftsdatum\t\t\t\t\t\t\t<\/label>\n\t\t\t\t\t\t\n\t\t<input type=\"date\" name=\"form_fields[field_f7347bd]\" id=\"form-field-field_f7347bd\" class=\"elementor-field elementor-size-xs  elementor-field-textual elementor-date-field\" placeholder=\"07\/11\/2023\" required=\"required\" aria-required=\"true\" pattern=\"[0-9]{4}-[0-9]{2}-[0-9]{2}\">\n\t\t\t\t\t\t<\/div>\n\t\t\t\t\t\t\t\t<div class=\"elementor-field-type-date elementor-field-group elementor-column elementor-field-group-field_b037b5c elementor-col-50 elementor-field-required\">\n\t\t\t\t\t\t\t\t\t\t\t\t<label for=\"form-field-field_b037b5c\" class=\"elementor-field-label\">\n\t\t\t\t\t\t\t\t8.\tAbreisedatum\t\t\t\t\t\t\t<\/label>\n\t\t\t\t\t\t\n\t\t<input type=\"date\" name=\"form_fields[field_b037b5c]\" id=\"form-field-field_b037b5c\" class=\"elementor-field elementor-size-xs  elementor-field-textual elementor-date-field\" placeholder=\"07\/11\/2023\" required=\"required\" aria-required=\"true\" pattern=\"[0-9]{4}-[0-9]{2}-[0-9]{2}\">\n\t\t\t\t\t\t<\/div>\n\t\t\t\t\t\t\t\t<div class=\"elementor-field-type-textarea elementor-field-group elementor-column elementor-field-group-field_dee5b73 elementor-col-100 elementor-field-required\">\n\t\t\t\t\t\t\t\t\t\t\t\t<label for=\"form-field-field_dee5b73\" class=\"elementor-field-label\">\n\t\t\t\t\t\t\t\t9. Bemerkungen & Hinweise, Bitte teilen Sie uns mit, ob Sie mit Kindern unter 12 Jahren reisen.\t\t\t\t\t\t\t<\/label>\n\t\t\t\t\t\t<textarea class=\"elementor-field-textual elementor-field  elementor-size-xs\" name=\"form_fields[field_dee5b73]\" id=\"form-field-field_dee5b73\" rows=\"4\" required=\"required\" aria-required=\"true\"><\/textarea>\t\t\t\t<\/div>\n\t\t\t\t\t\t\t\t<div class=\"elementor-field-type-checkbox elementor-field-group elementor-column elementor-field-group-field_f63fad5 elementor-col-66\">\n\t\t\t\t\t<div class=\"elementor-field-subgroup  \"><span class=\"elementor-field-option\"><input type=\"checkbox\" value=\"Ich stimme den  &lt;a href=&quot;https:\/\/new.palmari.org\/tips-questions\/&quot;&gt;Allgemeinen Geschaeftsbedingungen zu&lt;\/a&gt;\" id=\"form-field-field_f63fad5-0\" name=\"form_fields[field_f63fad5]\"> <label for=\"form-field-field_f63fad5-0\">Ich stimme den  <a href=\"https:\/\/new.palmari.org\/tips-questions\/\">Allgemeinen Geschaeftsbedingungen zu<\/a><\/label><\/span><\/div>\t\t\t\t<\/div>\n\t\t\t\t\t\t\t\t<div class=\"elementor-field-group elementor-column elementor-field-type-submit elementor-col-30 e-form__buttons\">\n\t\t\t\t\t<button type=\"submit\" class=\"elementor-button elementor-size-sm\" id=\"hoverBtn\">\n\t\t\t\t\t\t<span >\n\t\t\t\t\t\t\t\t\t\t\t\t\t\t\t<span class=\"elementor-align-icon-right elementor-button-icon\">\n\t\t\t\t\t\t\t\t\t<svg aria-hidden=\"true\" class=\"e-font-icon-svg e-fas-arrow-right\" viewBox=\"0 0 448 512\" xmlns=\"http:\/\/www.w3.org\/2000\/svg\"><path d=\"M190.5 66.9l22.2-22.2c9.4-9.4 24.6-9.4 33.9 0L441 239c9.4 9.4 9.4 24.6 0 33.9L246.6 467.3c-9.4 9.4-24.6 9.4-33.9 0l-22.2-22.2c-9.5-9.5-9.3-25 .4-34.3L311.4 296H24c-13.3 0-24-10.7-24-24v-32c0-13.3 10.7-24 24-24h287.4L190.9 101.2c-9.8-9.3-10-24.8-.4-34.3z\"><\/path><\/svg>\t\t\t\t\t\t\t\t\t\t\t\t\t\t\t\t\t<\/span>\n\t\t\t\t\t\t\t\t\t\t\t\t\t\t\t\t\t\t\t\t\t\t<span class=\"elementor-button-text\">Angebot senden<\/span>\n\t\t\t\t\t\t\t\t\t\t\t\t\t<\/span>\n\t\t\t\t\t<\/button>\n\t\t\t\t<\/div>\n\t\t\t<\/div>\n\t\t<\/form>\n\t\t\t\t\t\t<\/div>\n\t\t\t\t<\/div>\n\t\t\t\t\t<\/div>\n\t\t\t\t<\/div>\n\t\t\t\t\t<\/div>\n\t\t\t\t<\/div>\n\t\t<div class=\"elementor-element elementor-element-4a89340d e-flex e-con-boxed e-con e-parent\" data-id=\"4a89340d\" data-element_type=\"container\">\n\t\t\t\t\t<div class=\"e-con-inner\">\n\t\t\t\t<div class=\"elementor-element elementor-element-5a7c8138 elementor-widget elementor-widget-accordion\" data-id=\"5a7c8138\" data-element_type=\"widget\" data-widget_type=\"accordion.default\">\n\t\t\t\t<div class=\"elementor-widget-container\">\n\t\t\t\t\t\t\t<div class=\"elementor-accordion\">\n\t\t\t\t\t\t\t<div class=\"elementor-accordion-item\">\n\t\t\t\t\t<div id=\"elementor-tab-title-1511\" class=\"elementor-tab-title\" data-tab=\"1\" role=\"button\" aria-controls=\"elementor-tab-content-1511\" aria-expanded=\"false\">\n\t\t\t\t\t\t\t\t\t\t\t\t\t<span class=\"elementor-accordion-icon elementor-accordion-icon-right\" aria-hidden=\"true\">\n\t\t\t\t\t\t\t\t\t\t\t\t\t\t\t<span class=\"elementor-accordion-icon-closed\"><svg xmlns=\"http:\/\/www.w3.org\/2000\/svg\" width=\"29\" height=\"29\" viewBox=\"0 0 29 29\" fill=\"none\"><g id=\"plus\"><path id=\"Path 2\" d=\"M14.201 23.8333L14.201 5.16663\" stroke=\"#004A4A\" stroke-width=\"2\" stroke-linecap=\"round\"><\/path><path id=\"Path 2_2\" d=\"M23.5347 14.5L4.868 14.5\" stroke=\"#004A4A\" stroke-width=\"2\" stroke-linecap=\"round\"><\/path><\/g><\/svg><\/span>\n\t\t\t\t\t\t\t\t<span class=\"elementor-accordion-icon-opened\"><svg xmlns=\"http:\/\/www.w3.org\/2000\/svg\" width=\"29\" height=\"29\" viewBox=\"0 0 29 29\" fill=\"none\"><g id=\"plus\"><path id=\"Path 2\" d=\"M14.201 23.8333L14.201 5.16663\" stroke=\"#004A4A\" stroke-width=\"2\" stroke-linecap=\"round\"><\/path><path id=\"Path 2_2\" d=\"M23.5347 14.5L4.868 14.5\" stroke=\"#004A4A\" stroke-width=\"2\" stroke-linecap=\"round\"><\/path><\/g><\/svg><\/span>\n\t\t\t\t\t\t\t\t\t\t\t\t\t\t<\/span>\n\t\t\t\t\t\t\t\t\t\t\t\t<a class=\"elementor-accordion-title\" tabindex=\"0\">Was ist inbegriffen<\/a>\n\t\t\t\t\t<\/div>\n\t\t\t\t\t<div id=\"elementor-tab-content-1511\" class=\"elementor-tab-content elementor-clearfix\" data-tab=\"1\" role=\"region\" aria-labelledby=\"elementor-tab-title-1511\"><ul><li>Empfang am Flughafen <strong>Leticia (Kolumbien)<\/strong>, <strong>Tabatinga (Brasilien)<\/strong> oder an jedem Hostel\/Hotel\/Adresse, sowie am <strong>Hafen von Santa Rosa (Peru)<\/strong><\/li><li>Ein t\u00e4glicher kombinierter \u00f6ffentlicher und privater Transport <strong>zum und vom Besucherzentrum<\/strong> <em>(separat angeboten f\u00fcr gemeinschaftliche Servicepakete)<\/em><\/li><li>Unterkunft gem\u00e4\u00df dem gew\u00e4hlten <strong>Servicepaket bzw. Unterkunftstyp<\/strong><\/li><li>Unterst\u00fctzung bei den <strong>Migrations- und Grenzformalit\u00e4ten<\/strong>, falls erw\u00fcnscht<\/li><li><strong>Vollpension<\/strong> (Fr\u00fchst\u00fcck, Mittag- und Abendessen)<\/li><li><strong>Snacks<\/strong> w\u00e4hrend l\u00e4ngerer Aktivit\u00e4ten<\/li><li><strong>Alkoholfreie Getr\u00e4nke<\/strong> (Brausegetraenke, gefiltertes Wasser, S\u00e4fte, Kaffee, Tee oder \u00c4hnliches)<\/li><li><strong>Alkoholische Getr\u00e4nke<\/strong> (Bier in Dosen, Rum, Cacha\u00e7a oder Caipirinha)<\/li><li><strong>Ein privater Fuehrer pro Buchung<\/strong><\/li><li>Unser <strong>komplettes Aktivit\u00e4tsportfolio<\/strong>, tags\u00fcber und\/oder nachts, beliebig oft wiederholbar \u2013 <em>(ausgenommen sid drei Aktivit\u00e4ten, siehe Details im Kapitel \u201eHGF\u201c)<\/em><\/li><li>S\u00e4mtliche <strong>Ausr\u00fcstung, Materialien und Logistik<\/strong> f\u00fcr Dschungeluebernachtungen<\/li><li><strong>Alle Transportmittel<\/strong> f\u00fcr Wasseraktivit\u00e4ten<\/li><li>Mehrere <strong>\u00dcbernachtungen im Dschungel<\/strong>, falls erw\u00fcnscht<\/li><li><strong>Extremwanderungen<\/strong> zu Land und\/oder Wasser<\/li><li><strong>Internet- und Mobilfunkverbindung<\/strong> per W-LAN (Starlink-System)<\/li><li><strong>Vollzeitversicherung \u201eAll Risk\u201c<\/strong><\/li><li><strong>Elektrizit\u00e4tsversorgung<\/strong> <em>(vergiss nicht, deinen passenden Adapter mitzubringen!)<\/em><\/li><\/ul><\/div>\n\t\t\t\t<\/div>\n\t\t\t\t\t\t\t\t\t\t<script type=\"application\/ld+json\">{\"@context\":\"https:\\\/\\\/schema.org\",\"@type\":\"FAQPage\",\"mainEntity\":[{\"@type\":\"Question\",\"name\":\"Was ist inbegriffen\",\"acceptedAnswer\":{\"@type\":\"Answer\",\"text\":\"<ul><li>Empfang am Flughafen <strong>Leticia (Kolumbien)<\\\/strong>, <strong>Tabatinga (Brasilien)<\\\/strong> oder an jedem Hostel\\\/Hotel\\\/Adresse, sowie am <strong>Hafen von Santa Rosa (Peru)<\\\/strong><\\\/li><li>Ein t\\u00e4glicher kombinierter \\u00f6ffentlicher und privater Transport <strong>zum und vom Besucherzentrum<\\\/strong> <em>(separat angeboten f\\u00fcr gemeinschaftliche Servicepakete)<\\\/em><\\\/li><li>Unterkunft gem\\u00e4\\u00df dem gew\\u00e4hlten <strong>Servicepaket bzw. Unterkunftstyp<\\\/strong><\\\/li><li>Unterst\\u00fctzung bei den <strong>Migrations- und Grenzformalit\\u00e4ten<\\\/strong>, falls erw\\u00fcnscht<\\\/li><li><strong>Vollpension<\\\/strong> (Fr\\u00fchst\\u00fcck, Mittag- und Abendessen)<\\\/li><li><strong>Snacks<\\\/strong> w\\u00e4hrend l\\u00e4ngerer Aktivit\\u00e4ten<\\\/li><li><strong>Alkoholfreie Getr\\u00e4nke<\\\/strong> (Brausegetraenke, gefiltertes Wasser, S\\u00e4fte, Kaffee, Tee oder \\u00c4hnliches)<\\\/li><li><strong>Alkoholische Getr\\u00e4nke<\\\/strong> (Bier in Dosen, Rum, Cacha\\u00e7a oder Caipirinha)<\\\/li><li><strong>Ein privater Fuehrer pro Buchung<\\\/strong><\\\/li><li>Unser <strong>komplettes Aktivit\\u00e4tsportfolio<\\\/strong>, tags\\u00fcber und\\\/oder nachts, beliebig oft wiederholbar \\u2013 <em>(ausgenommen sid drei Aktivit\\u00e4ten, siehe Details im Kapitel \\u201eHGF\\u201c)<\\\/em><\\\/li><li>S\\u00e4mtliche <strong>Ausr\\u00fcstung, Materialien und Logistik<\\\/strong> f\\u00fcr Dschungeluebernachtungen<\\\/li><li><strong>Alle Transportmittel<\\\/strong> f\\u00fcr Wasseraktivit\\u00e4ten<\\\/li><li>Mehrere <strong>\\u00dcbernachtungen im Dschungel<\\\/strong>, falls erw\\u00fcnscht<\\\/li><li><strong>Extremwanderungen<\\\/strong> zu Land und\\\/oder Wasser<\\\/li><li><strong>Internet- und Mobilfunkverbindung<\\\/strong> per W-LAN (Starlink-System)<\\\/li><li><strong>Vollzeitversicherung \\u201eAll Risk\\u201c<\\\/strong><\\\/li><li><strong>Elektrizit\\u00e4tsversorgung<\\\/strong> <em>(vergiss nicht, deinen passenden Adapter mitzubringen!)<\\\/em><\\\/li><\\\/ul>\"}}]}<\/script>\n\t\t\t\t\t<\/div>\n\t\t\t\t\t\t<\/div>\n\t\t\t\t<\/div>\n\t\t\t\t\t<\/div>\n\t\t\t\t<\/div>\n\t\t<div class=\"elementor-element elementor-element-e1f8324 e-flex e-con-boxed e-con e-parent\" data-id=\"e1f8324\" data-element_type=\"container\" data-settings=\"{&quot;background_background&quot;:&quot;classic&quot;,&quot;background_motion_fx_translateY_speed&quot;:{&quot;unit&quot;:&quot;px&quot;,&quot;size&quot;:8,&quot;sizes&quot;:[]},&quot;background_motion_fx_motion_fx_scrolling&quot;:&quot;yes&quot;,&quot;background_motion_fx_translateY_effect&quot;:&quot;yes&quot;,&quot;background_motion_fx_translateY_affectedRange&quot;:{&quot;unit&quot;:&quot;%&quot;,&quot;size&quot;:&quot;&quot;,&quot;sizes&quot;:{&quot;start&quot;:0,&quot;end&quot;:51}},&quot;background_motion_fx_devices&quot;:[&quot;desktop&quot;,&quot;tablet&quot;,&quot;mobile&quot;]}\">\n\t\t\t\t\t<div class=\"e-con-inner\">\n\t\t\t\t<div class=\"elementor-element elementor-element-448fb90e hoverBtn elementor-widget elementor-widget-heading\" data-id=\"448fb90e\" data-element_type=\"widget\" data-widget_type=\"heading.default\">\n\t\t\t\t<div class=\"elementor-widget-container\">\n\t\t\t\t\t<h2 class=\"elementor-heading-title elementor-size-default\">Bereite deine Reise nach Palmari vor<\/h2>\t\t\t\t<\/div>\n\t\t\t\t<\/div>\n\t\t\t\t<div class=\"elementor-element elementor-element-c240152 elementor-align-center elementor-widget elementor-widget-button\" data-id=\"c240152\" data-element_type=\"widget\" data-widget_type=\"button.default\">\n\t\t\t\t<div class=\"elementor-widget-container\">\n\t\t\t\t\t\t\t\t\t<div class=\"elementor-button-wrapper\">\n\t\t\t\t\t<a class=\"elementor-button elementor-button-link elementor-size-sm\" href=\"\/deu\/tipps-fragen\/\">\n\t\t\t\t\t\t<span class=\"elementor-button-content-wrapper\">\n\t\t\t\t\t\t<span class=\"elementor-button-icon\">\n\t\t\t\t<svg aria-hidden=\"true\" class=\"e-font-icon-svg e-fas-chevron-right\" viewBox=\"0 0 320 512\" xmlns=\"http:\/\/www.w3.org\/2000\/svg\"><path d=\"M285.476 272.971L91.132 467.314c-9.373 9.373-24.569 9.373-33.941 0l-22.667-22.667c-9.357-9.357-9.375-24.522-.04-33.901L188.505 256 34.484 101.255c-9.335-9.379-9.317-24.544.04-33.901l22.667-22.667c9.373-9.373 24.569-9.373 33.941 0L285.475 239.03c9.373 9.372 9.373 24.568.001 33.941z\"><\/path><\/svg>\t\t\t<\/span>\n\t\t\t\t\t\t\t\t\t<span class=\"elementor-button-text\">\u27a1\ufe0f Gehe zu HGF<\/span>\n\t\t\t\t\t<\/span>\n\t\t\t\t\t<\/a>\n\t\t\t\t<\/div>\n\t\t\t\t\t\t\t\t<\/div>\n\t\t\t\t<\/div>\n\t\t\t\t\t<\/div>\n\t\t\t\t<\/div>\n\t\t\t\t<\/div>\n\t\t","protected":false},"excerpt":{"rendered":"<p>Jetzt Buchen Du bist nur noch einen Schritt von der Reserva Natural Palmari entfernt. Alle unsere Buchungen werden sorgf\u00e4ltig an die wechselnden Variablen angepasst \u2013 individuell abgestimmt, damit dein Aufenthalt in unserem Paradies so angenehm wie m\u00f6glich wird. Bitte f\u00fclle das folgende Formular zur Angebotserstellung aus: Was ist inbegriffen Empfang am Flughafen Leticia (Kolumbien), Tabatinga [&hellip;]<\/p>\n","protected":false},"author":4,"featured_media":0,"parent":0,"menu_order":0,"comment_status":"closed","ping_status":"closed","template":"elementor_header_footer","meta":{"_acf_changed":false,"_trash_the_other_posts":false,"editor_notices":[],"_joinchat":[],"footnotes":""},"class_list":["post-1777","page","type-page","status-publish","hentry"],"acf":[],"aioseo_notices":[],"_links":{"self":[{"href":"https:\/\/new.palmari.org\/deu\/wp-json\/wp\/v2\/pages\/1777","targetHints":{"allow":["GET"]}}],"collection":[{"href":"https:\/\/new.palmari.org\/deu\/wp-json\/wp\/v2\/pages"}],"about":[{"href":"https:\/\/new.palmari.org\/deu\/wp-json\/wp\/v2\/types\/page"}],"author":[{"embeddable":true,"href":"https:\/\/new.palmari.org\/deu\/wp-json\/wp\/v2\/users\/4"}],"replies":[{"embeddable":true,"href":"https:\/\/new.palmari.org\/deu\/wp-json\/wp\/v2\/comments?post=1777"}],"version-history":[{"count":215,"href":"https:\/\/new.palmari.org\/deu\/wp-json\/wp\/v2\/pages\/1777\/revisions"}],"predecessor-version":[{"id":5896,"href":"https:\/\/new.palmari.org\/deu\/wp-json\/wp\/v2\/pages\/1777\/revisions\/5896"}],"wp:attachment":[{"href":"https:\/\/new.palmari.org\/deu\/wp-json\/wp\/v2\/media?parent=1777"}],"curies":[{"name":"wp","href":"https:\/\/api.w.org\/{rel}","templated":true}]}}